Determine s(3).
6
Let s(o) be the first derivative of o**4/4 + 2*o**3/3 - o**2 - o + 497578. Let g(r) = r**2 + 4*r - 7. Let u be g(-5). Let q be 1 - -4*2/u. Determine s(q).
-4
Suppose 3*d = 110 - 5. Let w be d/(-45) + 24/(-108). Let p(k) = 5*k**3 + k**2 + 2*k + 2. Determine p(w).
-4
Let w = -733 + 732. Let x(q) = 14*q + 8. Calculate x(w).
-6
Let z(q) be the first derivative of 25*q**2/2 - 7*q + 572. Give z(3).
68
Let g = -2313 + 2334. Let i(u) = u**2 - 23*u + 52. Determine i(g).
10
Let o(f) be the third derivative of -f**6/120 + 7*f**5/60 - f**4/12 - 5*f**3/3 + 28*f**2 + 89. Calculate o(7).
-24
Suppose 2*y - 8 = 3*y + 5*w, y + w = 0. Let g(r) = -6*r**y - 60*r + 3*r**2 - 1 + 64*r - r**3. Suppose 3*p + 20 = -2*p. Calculate g(p).
-1
Let l(f) = -5553*f - 3 + 5554*f + 1. What is l(2)?
0
Let i be -11 + -4 + 16 - 1*-2. Let z(l) = -5*l**2 + 2*l**i + 3*l + l**2 - 107 + 105. Calculate z(2).
4
Suppose 61*h - 8*h = -47*h - 200. Let y(u) = -3*u + 2 + 3*u - 3*u + 6*u. What is y(h)?
-4
Let h(d) = -13*d - 778 + 387 + 323. Give h(-7).
23
Let u(x) = -5. Let i(o) = 5*o + 22. Let q(c) = i(c) + 6*u(c). What is q(1)?
-3
Let x(q) be the first derivative of -2*q**4 + 2*q**3/3 - q + 2. Let y be ((-4)/(-8))/((-5)/(-10))*(-2 + 1). Determine x(y).
9
Let v be (-7)/(-140) + (-606)/120. Let l(y) = 3*y + 14. What is l(v)?
-1
Let p = -18979 + 18982. Let l(m) = -12*m**2 - 4*m - 1. Determine l(p).
-121
Let n(b) = b**3 - 12*b**2 - 12*b - 15. Let z = 26 - 24. Suppose -2*r - 2*t + 32 = -5*t, 61 = 5*r + z*t. What is n(r)?
-2
Let y = 121 - 91. Let w(z) = 5*z + 27*z**2 + y*z**2 - 53*z**2 - 10 + z - z**3 + z. Determine w(5).
0
Let v(u) = -2*u. Let o = 10 + -8. Suppose 3*d - o*s - 27 = s, 30 = 3*d - 2*s. What is v(d)?
-24
Let n(r) = -3*r**3 + 93 + r**3 - 96 + 3*r**3. Calculate n(2).
5
Suppose 23*w + 64 + 45 = -29. Let x(j) = 32*j + 196. Calculate x(w).
4
Let y(z) = z**3 - 12*z**2 + 27*z - 78. Let w be y(10). Let r(b) = -b**3 - 8*b**2 + 2*b + 5. What is r(w)?
-11
Let o(d) be the first derivative of d**7/840 + d**6/60 + d**5/20 - d**4/8 + 176*d**3/3 + 146. Let k(l) be the third derivative of o(l). Give k(-3).
6
Let u = -2714 - -2733. Let f(g) = -g**3 + 18*g**2 + 21*g - 23. What is f(u)?
15
Let w(k) = 12*k**2 - 3 + 3665*k - 8*k**2 + k**3 + k**2 - 3670*k. Give w(-3).
30
Let z(v) = 3*v - 38. Let c(b) = 4*b - 42. Let k(w) = -10*c(w) + 11*z(w). Calculate k(2).
-12
Let f(l) = l**3 + 7*l**2 + 3*l - 9. Let u be f(-6). Suppose 113 - 5 = -u*a. Let z(t) = -t + 50*t**2 - 17 - 18*t**2 - 20*t**2 + t**3. Determine z(a).
-5
Let i(r) = -121*r + 404*r - 122*r - 144*r + 2. Calculate i(-1).
-15
Let r(h) = 3*h**3 - 2*h**2 + 2*h - 1. Let y(m) = 11*m - 123. Let n be y(44). Let u = 362 - n. Determine r(u).
2
Let w(m) = -25*m**2 + 352*m - 182*m - m**3 + 18*m**2 - 178*m + 15*m**2 + 5. Suppose t - 15 = -2*t. Calculate w(t).
40
Let f(i) = i**3 + 9*i**2 + 13*i - 12. Suppose -20*v + 63 = -23*v - 6*v. Calculate f(v).
-5
Let j(z) = z**2 - 16*z + 11. Suppose 4 = -4*k, 4*l + 5*k = 2*l + 21. What is j(l)?
-28
Suppose -4*g + 2*w = 22, -4*g - w - 31 = -6*w. Let m(z) be the first derivative of -z**2 - 3*z + 5210. Calculate m(g).
5
Let w = -618 + 611. Let i(l) = 3 + 2 - 14*l + 6*l + 9*l. Determine i(w).
-2
Let x(n) = -n - n + 1 - 4 - 2*n**2. Suppose 317*c - 592 = -1226. Give x(c).
-7
Let s(t) = 22*t - 41236*t**3 + 41237*t**3 - 13*t**2 - 12*t**2 + 53. Determine s(24).
5
Let h = -547 + 541. Let r(b) = -2*b**2 + 6*b + 5. Calculate r(h).
-103
Let d = -238 + 356. Suppose -49*u - d = 176. Let q(l) = -l**3 - 7*l**2 - 6*l. Determine q(u).
0
Let v(a) = 5 - 1 - 3 - a + 0 - 2. Let z = 34 + -29. Suppose 15 = z*c + 5*x, -x = 4*c + 2*x - 12. Calculate v(c).
-4
Let b be (-16)/(-2) - (-198)/(-2 - 16). Let f(n) = 28*n + 5. What is f(b)?
-79
Let s = 416 + -494. Let d be (s/(-91))/((-8)/(-28)). Let c(r) = 1 - 3 - 7*r + 1. Give c(d).
-22
Let g(s) = -4*s + 39. Let o = -8 + 25. Let b be g(o). Let i = -26 - b. Let q(t) = 4*t - 2. Give q(i).
10
Let j(x) be the third derivative of x**4/12 + 16*x**3/3 - 2*x**2 + 453. Calculate j(16).
64
Suppose -3*h = k + 31, 0 = -38*h + 40*h + 5*k + 12. Let c(r) = -r**3 - 12*r**2 - 11*r - 13. Calculate c(h).
-13
Let r(w) be the first derivative of -w**4/4 + 3*w**3 - 4*w**2 - 6*w - 2829. Let m(y) = -3*y - 1. Let q be m(-3). Give r(q).
-6
Let n(h) = -2*h - 1. Let q be (-1950)/(-247) + 2/19. Let l(v) = -5*v - 1. Let s(t) = q*n(t) - 3*l(t). Calculate s(0).
-5
Let o(n) be the second derivative of -n**5/20 + 5*n**4/12 + 7*n**3/6 + 27*n**2 - 123*n + 13. Give o(7).
5
Let n(k) = 18*k + 3 - 1 + 7 - 3. Let p be n(-4). Let l = 72 + p. Let q(m) = m**2 - 11*m + 6. Give q(l).
-24
Suppose 0 = 199*f - 2319 - 2320 - 2525. Let p(y) be the first derivative of -1/2*y**2 + f + y**3 - 2*y - y**4. Give p(2).
-24
Let k be ((-30)/60)/((-4)/20)*(-34)/(-5). Let g(l) = l**2 - 12*l - 77. Calculate g(k).
8
Let a = 624 - 607. Let d(b) = b**2 - 17*b - 6. Calculate d(a).
-6
Suppose 3 + 3 = 2*b. Suppose 0*r - 77 = -b*r + n, 5*r = 4*n + 133. Let y(p) = 3*p - 24 + 2*p**2 - 5*p + r. Determine y(2).
5
Let s(d) be the third derivative of d**5/60 + d**4/3 + 5*d**3/6 + d**2 - 9*d - 16. What is s(-8)?
5
Suppose -c - 3 = -n, 2*n - 4 = 3*c + 1. Suppose 5*b = -5*z + 30, -n*b = -5*z - 5*b + 38. Let f(x) = -x**2 + 5*x + 3. What is f(z)?
-21
Let t(h) = h**2 + 4*h + 3. Let l be t(-3). Let z(s) = -112 + 29 + 26 + 2*s + 25 + 27. Give z(l).
-5
Suppose -4*o + 20 = -4*i - 0*o, 0 = 4*i - 2*o + 16. Let u = -136 + 143. Let s(b) = 4*b + 1 - u*b + 60*b**2 - 61*b**2. What is s(i)?
1
Suppose 4*k - 8 = 10*v - 8*v, -3*k = 2*v + 22. Let o = 9 + -7. Let s(z) = 2*z**2 - 4*z**3 - 6*z**2 + 3*z**3 - 2*z - 5 - 4*z**o. What is s(v)?
11
Let f(r) = -r**3 + 17*r**2 - 29*r + 194. Let d be f(16). Let k(v) = v**2 + 17*v + 34. Determine k(d).
-8
Suppose 6*t - b = 8*t, -3*t + 2*b + 14 = 0. Let z(w) = 5*w - 7. Let f(d) = -9*d + 15. Let q(h) = t*f(h) + 5*z(h). What is q(4)?
23
Suppose 829*n - 830*n = 3*z - 13, 3*n - 4*z = -26. Let h(f) = -f**3 - 3*f**2 + 4*f + 5. Give h(n).
-7
Let r(u) = -3*u**2 - 3*u - 2. Let z be 4/10*2 - (-1372)/(-490). What is r(z)?
-8
Let p(m) be the third derivative of -1/3*m**3 + 0*m**4 + 0*m - 8*m**2 + 3/40*m**5 - 1/360*m**6 + 0. Let l(k) be the first derivative of p(k). Give l(9).
0
Suppose -3*c + 562 = -3*i + 643, -2*c - 5*i - 33 = 0. Let j(r) = -9*r - 228. Calculate j(c).
-12
Suppose 3*t - 5*y = 602, 3*y - y + 8 = 0. Let g = t - 201. Let n(j) = -j**3 - 6*j**2 + 5*j - 7. What is n(g)?
7
Let d(q) = q - 6. Let l be d(5). Suppose -x + 2*x - 1 = -2*k, -3*x = 3*k - 6. Let s(u) = -1479*u + 1 - 6*u**x - 2*u**2 + 1479*u. What is s(l)?
5
Let b(q) = -q**2 - 6*q + 21. Let y(w) = 7*w + 48. Suppose 10*p + 46 = -34. Let x be y(p). Give b(x).
5
Let f = -302 - -173. Let o be f/(-15) - 18/30. Let u(x) = x - 15. Calculate u(o).
-7
Let z(b) = -1 - 5 + 5 - 3*b - 8*b**2 + 5*b. Let l(h) = -5 + 17*h**2 + 15*h - 2*h - 19*h**2. Let r be l(6). Determine z(r).
-7
Let t(p) = -p**3 - 4*p**2 + 5*p - 11. Let d be t(-6). Suppose 0 = -3*x - 25 + d. Let m(g) = 3 - g + 12*g**2 - 11*g**2 - 2*g**x. Calculate m(-4).
-9
Let u(a) = 6*a + 3. Let y(k) = 2*k + 1. Let q(n) = -3*u(n) + 8*y(n). Let i(t) = -13*t - t**3 - 1 + 3 + 11*t**2 + 23. Let h be i(10). Give q(h).
9
Let u = 3529 - 3525. Let b(s) be the second derivative of -1/20*s**5 - 5/6*s**3 + 19*s + 5/12*s**u + s**2 + 0. Give b(3).
5
Suppose -d + 28 = -8*d. Let k(t) be the third derivative of -t**5/60 - t**4/8 + 567*t**2 - 1. What is k(d)?
-4
Let p(f) = -2*f**3 - 7*f**2 + 7*f + 15. Let u be p(-4). Suppose 5*n - 6 = 2*t, 3*n + u*t = 5*t + 2. Let a(i) = 4*i**2 + i + 1. Calculate a(n).
19
Let k(y) = -y**3 - 2*y**2 - 2*y + 490733 - 490736 + 4*y. Let g = -13 - -25. Suppose c = q + 3*q + 4, -2*c - 2*q - g = 0. Calculate k(c).
21
Let r(g) be the third derivative of 2/15*g**5 + 36*g**2 + 1/24*g**4 - 1/120*g**6 + 0*g + 2 - g**3. Determine r(8).
2
Let g be (-30)/9*(-546)/130. Let a be 5 - 2/(-4)*-2. Let q(l) = 10*l**3 + g*l**3 + 2 + a*l**2 - 23*l**3 - 5*l. Calculate q(-5).
2
Let c(a) = 5*a + 38. Let s = 9594 + -9605. Determine c(s).
-17
Suppose 3*y - 9 = -3. Let q(x) be the first derivative of -x**4/6 + 2*x**3/3 - x**2 + 67*x - 109. Let t(i) be the first derivative of q(i). Calculate t(y).
-2
Let k be 12 + -7 + (2 - (2 + 1)). Let h = 8 + -3. Let r(j) = -11*j**2 -